3)/(-6))/(2/8). Suppose -16 + 0 = -c*n. Suppose 5*m = -4 + 19. What is the remainder when n is divided by m?
2
Let q(x) = -x - 2. Let a be q(-6). Suppose -2*r - 78 - 20 = -a*d, 4*r + 12 = 0. What is the remainder when d is divided by 12?
11
Let h(o) = -2*o + 6. What is the remainder when h(-12) is divided by 11?
8
Suppose 4*u - 5*t = 129, -5*t + 15 = -0*t. What is the remainder when u is divided by 13?
10
Suppose 3*l - 29 = 25. Calculate the remainder when 34 is divided by l.
16
Suppose 8 = 3*x - 34. What is the remainder when 27 is divided by x?
13
Let k(n) = 2*n**2 - 21*n + 13. What is the remainder when 69 is divided by k(11)?
21
Suppose -3*l - 24 = i - 2*i, 2*i = -3*l + 30. What is the remainder when 85 is divided by i?
13
Suppose -97 = 8*d - 657. What is the remainder when d is divided by 18?
16
Suppose -4*r + 2*w = -w - 3, 5*w + 5 = -3*r. Let x be 0/(-2) - (r + 2). What is the remainder when 8 is divided by x/(-3) + 7/3?
2
Let g(c) = -9*c - 2. Let b(n) = 10*n + 3. Let z(d) = 4*b(d) + 5*g(d). Calculate the remainder when 34 is divided by z(-2).
10
Let i = -6 + 23. Let j(n) = n**3 + 5*n**2 - 8*n - 6. Calculate the remainder when i is divided by j(-6).
5
Let s = -37 + 83. Suppose -5*n = -3*n - s. What is the remainder when n is divided by 12?
11
Suppose 3*y - 3*p = -0*y + 6, -5*p = y - 14. Let o = -4 + y. Suppose o*x - 42 = -3*x. Calculate the remainder when x is divided by 8.
6
Suppose 10*d + 66 = 16*d. What is the remainder when 40 is divided by d?
7
Let w(b) = b**3 + 4*b**2 + 3*b + 1. Let i be w(-3). Let z(s) = s**2 - 13*s + 1. Let l be z(6). What is the remainder when (5 - i)*l/(-4) is divided by 11?
8
What is the remainder when 34 is divided by ((-8)/(-28) - (-66)/14)*2?
4
Suppose 5*k + 37 = 102. Suppose -4*c + 2*o + 90 = 0, -2*c - 7 + 51 = -2*o. What is the remainder when c is divided by k?
10
Calculate the remainder when 120 is divided by ((-150)/(-5) - -1)*1.
27
Suppose 5*o - 141 = 39. Suppose 4*s - o = s. Calculate the remainder when 47 is divided by s.
11
Suppose 4*k - 4*n = -0*n + 12, -3*n = -15. Let q(t) = -t**2 - 14*t + 21. Let v be q(-15). Suppose 2*s - v = k. Calculate the remainder when 13 is divided by s.
6
What is the remainder when (180/(-8) + 5)/(2/(-4)) is divided by 6?
5
Suppose 2*x + 4*r - 3*r - 105 = 0, -3*x = -r - 150. What is the remainder when x is divided by 13?
12
Suppose -2*c + 3 = -1. Calculate the remainder when 3 is divided by -2 - (-1 - (0 + c)).
0
Let b = -26 - -136. What is the remainder when b is divided by 28?
26
Let r be ((-4)/(-10))/(1/(-10)). Calculate the remainder when 471/15 - r/(-10) is divided by 11.
9
Let l = 82 + -61. What is the remainder when 62 is divided by l?
20
Suppose -o - 7 = -4*t, -2*o - 2*o + 12 = 4*t. Suppose 10 = 4*p - t*p. What is the remainder when 13 is divided by (p - 2) + (-2)/(-1)?
3
Let t(w) = -3*w + 1. Let o be t(2). Suppose -5*x + 54 = 2*p, -x + 5*p = -0*p - 27. Let i = o + x. Calculate the remainder when 13 is divided by i.
6
Let b(a) = -16*a**3 + 2*a + 1. Let d be b(-1). Let z = d + -10. Suppose 22 = -3*c + z*c. Calculate the remainder when c is divided by 4.
3
Suppose -29 = -2*x - 3*x + 2*w, -2*x - 4*w + 26 = 0. Suppose -u + 8 = -x. Let q = 16 + -10. Calculate the remainder when u is divided by q.
3
Suppose -5 = -9*r + 4*r, -20 = -2*g - 2*r. Calculate the remainder when 15 is divided by g.
6
What is the remainder when (-54)/(-3) - (8 - 7) is divided by 7?
3
Suppose 101 = -3*v - 4*g, v + 3*v = 2*g - 164. Let d = -25 - v. What is the remainder when 39 is divided by d?
11
Let l(u) = u**3 - 6*u**2 + 3*u - 5. Let z be l(6). Suppose 0 = -5*n - 5, -3*w + n + z = -0*n. What is the remainder when 6 is divided by w?
2
Let u = -13 - -23. Let k(n) = 4*n - 10. Calculate the remainder when u is divided by k(4).
4
Let y(o) be the third derivative of 0 + 0*o - 1/3*o**3 - o**2 + 7/24*o**4. Calculate the remainder when y(2) is divided by 7.
5
Calculate the remainder when (-4 - -3) + 5 - (0 + -155) is divided by 32.
31
Let g(f) = -f**3 + 8*f**2 + 9. Suppose 2*c - 49 - 21 = 4*m, -3*m - 3 = 0. Calculate the remainder when c is divided by g(8).
6
Let j = 43 + -29. Let l(g) be the third derivative of g**5/15 + g**4/6 + g**3 - 3*g**2. What is the remainder when l(-4) is divided by j?
12
Calculate the remainder when (1 - 0)/((-43)/(-1118)) is divided by (0 - 1)*1 + 8.
5
Let s be (-3)/1 - (-1)/(-1). Let r = s - -9. Suppose 35 = 4*b + 3*t - 9, -8 = -2*b - 5*t. What is the remainder when b is divided by r?
4
Let l = 9 + -6. Suppose -l*a + 21 = -2*a. Calculate the remainder when a is divided by 8.
5
Calculate the remainder when (-164)/(-3) + 7/21 is divided by 12.
7
Suppose u = -3*u. Suppose -l - 3*f + 14 = 0, 28 = -u*l + 2*l + 4*f. Let d = -67 - -120. What is the remainder when d is divided by l?
11
Calculate the remainder when -3 + 4 + 36/3 is divided by 4.
1
Suppose 0 = -3*k + 1 + 17. Calculate the remainder when 33 is divided by k.
3
Let y be (-1)/3 - (-16)/12. Suppose 0 = 2*h - y - 29. What is the remainder when 44 is divided by h?
14
Let d = -9 - -9. Suppose d*w - 20 = -5*w. Suppose w*q - 34 = 2*q. Calculate the remainder when 33 is divided by q.
16
Let o(z) = 3*z**3 - 2*z**2 - 2. What is the remainder when 27 is divided by o(2)?
13
Let p = -3 - -7. Suppose 0 = -p*a + 205 - 53. Calculate the remainder when a is divided by 10.
8
Let u = 34 + -21. Suppose -4*h = -4*a + 64, 3*h - 7*h - 61 = -3*a. Let o = 20 + h. What is the remainder when u is divided by o?
6
Let p(c) = -c**2 - 28*c + 2. Calculate the remainder when p(-25) is divided by 26.
25
What is the remainder when 63 is divided by 0 - (-468)/30 - 4/(-10)?
15
Suppose 0*k - 12 = 2*k. Let r(o) = o**3 + 7*o**2 + 5*o + 5. Let q be r(k). Let p = -8 + q. What is the remainder when 8 is divided by p?
2
Suppose 5*b = 9*b - 268. Calculate the remainder when b is divided by 23.
21
Suppose 3*m = 6*m - 177. What is the remainder when 233 is divided by m?
56
Let d = 1 - 2. Let b be d + 1 + 0 + -1. Calculate the remainder when b*(-12 - (2 + -3)) is divided by 6.
5
Suppose 0 = 3*f + 5*h + 2, -2*h = 2*f - f + 1. Let x be (-2)/(-2)*(2 + -1). Suppose -s + f = -x. Calculate the remainder when 3 is divided by s.
1
Suppose 3*d - 32 - 16 = 0. What is the remainder when (-398)/(-9) + (-8)/36 is divided by d?
12
Suppose -6 = -3*n, 4*n = 2*d - d - 7. Suppose -36 = -p + 5*r, r + 88 = 5*p - r. What is the remainder when 699/d + 2/5 is divided by p?
15
Let s(t) = -t**2 - 4*t + 3. Suppose -2*g = -5*c - 44 + 16, 0 = -3*g - c + 8. Calculate the remainder when g is divided by s(-4).
1
Let h(p) = 19*p**2 + p. Suppose 0 = 5*i + 2 - 32. Suppose -2*t + 3*k + i = 1, -3*k = -t - 2. Calculate the remainder when h(1) is divided by t.
6
Suppose -7*w = -11 - 220. Suppose -b = -2*m - 1 - 6, 5*b + m = 90. What is the remainder when w is divided by b?
16
Suppose 0 = -0*l - 2*l + 62. Suppose -q - 3*z - 35 = -5*q, 3*z + 27 = 3*q. Calculate the remainder when l is divided by q.
7
Suppose u + 32 = 5*u. Let d = u + -6. Suppose 0 = -3*z + 4*x + 9, -2*z - d*x + 1 = -5. What is the remainder when 8 is divided by z?
2
Let b(f) = -f**2 - 8*f + 7. Let k = 8 + -6. Let i be -5 + 1 + (-6)/k. What is the remainder when 25 is divided by b(i)?
11
Let o be 4/(-3) - 10/15. Let l = 2 - o. What is the remainder when 31 is divided by 20/(l/2) + 1?
9
Let w = -10 - -21. Suppose -3*h + 14 = x, 0 = -5*h + 2*x + 20 - 4. Calculate the remainder when w is divided by h.
3
Suppose -164 = -2*g - 2*g. Calculate the remainder when 80 is divided by g.
39
Let m(z) = 18*z**2 - 2*z + 1. Let o = 45 - 40. What is the remainder when m(1) is divided by o?
2
Let t = -4 - -2. Let w(k) = -8*k + 2. What is the remainder when w(t) is divided by 4?
2
Let l(v) = v**3 - 10*v**2 + 9*v + 2. Let r be l(9). Suppose 5*a - 259 = -4*d, 0*a - 106 = -r*a - 4*d. What is the remainder when a is divided by 26?
25
Let q be (-1)/2 + (-42)/(-12). Let s(j) = j - 2 - 7*j**2 + q*j**3 - 2*j**3 + j. What is the remainder when 47 is divided by s(7)?
11
Suppose 3*o = 4 + 8. Suppose -3 + 25 = 2*y - 3*d, 0 = -5*y - o*d + 55. What is the remainder when 32 is divided by y?
10
Let f = 78 - 37. Calculate the remainder when f is divided by 14.
13
Suppose 20 = 4*t + 4. Suppose -p + 75 = t*p + 5*w, -2*w = -5*p + 40. Suppose -2*b + 20 = 3*b. What is the remain